{"id":186,"date":"2026-03-26T10:40:24","date_gmt":"2026-03-26T09:40:24","guid":{"rendered":"https:\/\/cartamenumovil.com\/albirgarden\/?page_id=186"},"modified":"2026-04-20T08:30:58","modified_gmt":"2026-04-20T06:30:58","slug":"normas","status":"publish","type":"page","link":"https:\/\/cartamenumovil.com\/albirgarden\/normas\/","title":{"rendered":"NORMAS"},"content":{"rendered":"\t\t<div data-elementor-type=\"wp-page\" data-elementor-id=\"186\" class=\"elementor elementor-186\">\n\t\t\t\t<div class=\"elementor-element elementor-element-10b0b62 e-con-full e-flex e-con e-parent\" data-id=\"10b0b62\" data-element_type=\"container\" data-e-type=\"container\" data-settings=\"{&quot;background_background&quot;:&quot;classic&quot;}\">\n\t\t\t\t<div class=\"elementor-element elementor-element-7b5daa2 elementor-widget elementor-widget-heading\" data-id=\"7b5daa2\" data-element_type=\"widget\" data-e-type=\"widget\" data-widget_type=\"heading.default\">\n\t\t\t\t\t<h2 class=\"elementor-heading-title elementor-size-default\">NORMAS DE CONVIVENCIA<\/h2>\t\t\t\t<\/div>\n\t\t\t\t<\/div>\n\t\t<div class=\"elementor-element elementor-element-3b34d5c e-flex e-con-boxed e-con e-parent\" data-id=\"3b34d5c\" data-element_type=\"container\" data-e-type=\"container\">\n\t\t\t\t\t<div class=\"e-con-inner\">\n\t\t\t\t<div class=\"elementor-element elementor-element-98cb85d elementor-widget elementor-widget-heading\" data-id=\"98cb85d\" data-element_type=\"widget\" data-e-type=\"widget\" data-widget_type=\"heading.default\">\n\t\t\t\t\t<h2 class=\"elementor-heading-title elementor-size-default\">Estimados clientes y colaboradores, estas son las normas de\nconvivencia para hu\u00e9spedes alojados en nuestras instalaciones:<\/h2>\t\t\t\t<\/div>\n\t\t\t\t<div class=\"elementor-element elementor-element-485d1c8 elementor-widget elementor-widget-text-editor\" data-id=\"485d1c8\" data-element_type=\"widget\" data-e-type=\"widget\" data-widget_type=\"text-editor.default\">\n\t\t\t\t\t\t\t\t\t<ul><li>Bienvenidos a Albir Garden Resort y esperemos que tengan una feliz y placentera experiencia vacacional con nosotros. Para ello hemos implementado una serie de normas de educaci\u00f3n, higiene y de convivencia social que el cliente debe respetar.<\/li><li>Se deben respetar las instalaciones, evitar ruidos y voces en alto en todo momento; tengan en cuenta que nuestros clientes vienen aqu\u00ed a relajarse y descansar. La introducci\u00f3n de m\u00fasica y equipos no puede ser utilizada en zonas comunes en ning\u00fan momento ni en habitaciones en las horas de mediod\u00eda y a partir de medianoche. Comunicarse a voces estando en grupos en el hall principal o estancias comunes est\u00e1 totalmente prohibido.<\/li><li>El silencio debe ser absoluto a medianoche y en las horas de mediod\u00eda para el descanso de nuestros clientes.<\/li><li>Est\u00e1 prohibido y es motivo de expulsi\u00f3n de nuestras instalaciones permanecer en ellas ebrio, provocar altercados con otros clientes o mantener actitudes intimidatorias durante la estancia.<\/li><li>Fumar est\u00e1 prohibido en nuestras instalaciones; s\u00f3lo se puede fumar en las zonas exteriores habilitadas para ello e identificadas con carteler\u00eda.<\/li><li>No se puede recibir visita en la habitaci\u00f3n de clientes no alojados ni registrada su estancia.<\/li><li>En zonas comunes, comedor, bar y hall principal est\u00e1 prohibido deambular con el torso desnudo y con los pies descalzos, por respeto a nuestros clientes y por higiene.<\/li><li>Est\u00e1 prohibido realizar cualquier tipo de modificaci\u00f3n o reparaci\u00f3n en la habitaci\u00f3n o manipular equipos o instrumentos de servicio. Cualquier incidencia comun\u00edquela a recepci\u00f3n y ser\u00e1 atendido por nuestro servicio t\u00e9cnico.<\/li><li>Las habitaciones no se pueden utilizar para juegos en grupos de azar o celebrar reuniones que tengan por objeto alterar el orden p\u00fablico.<\/li><li>El deterioro del mobiliario, la decoraci\u00f3n o bienes de la propiedad ser\u00e1 penalizado con el pago por parte del cliente de las roturas ocasionadas.<\/li><li>Al salir de la habitaci\u00f3n le rogamos apague las luces, TV, aire acondicionado y otros artefactos el\u00e9ctricos, retirando la llave del dispositivo situado a la entrada de la habitaci\u00f3n. Verifique que no se queda nada encendido.<\/li><li>Si tiene el aire acondicionado puesto, aseg\u00farese de que las puertas y ventanas est\u00e1n cerradas.<\/li><li>Al dejar la habitaci\u00f3n (check out) aseg\u00farese de no dejar objetos personales o de valor en la misma.<\/li><li>No se podr\u00e1 entrar en las piscinas con colchonetas o flotadores grandes; consulte con el personal de socorrismo los exclusivamente permitidos y homologados dependiendo del aforo de cada momento.<\/li><li>El consumo de marihuana y otras drogas est\u00e1 totalmente prohibido en todo el hotel y ser\u00e1 motivo de expulsi\u00f3n.<\/li><li>Sepa que el servicio de recepci\u00f3n est\u00e1 disponible 24 horas; ante cualquier duda o situaci\u00f3n irregular, por favor av\u00edsenos.<\/li><\/ul>\t\t\t\t\t\t\t\t<\/div>\n\t\t\t\t<div class=\"elementor-element elementor-element-c629689 elementor-widget elementor-widget-heading\" data-id=\"c629689\" data-element_type=\"widget\" data-e-type=\"widget\" data-widget_type=\"heading.default\">\n\t\t\t\t\t<h2 class=\"elementor-heading-title elementor-size-default\">Muchas gracias por su colaboraci\u00f3n y encantados de poder atenderles en su estancia.<br>\nLa Direcci\u00f3n<\/h2>\t\t\t\t<\/div>\n\t\t\t\t\t<\/div>\n\t\t\t\t<\/div>\n\t\t\t\t<\/div>\n\t\t","protected":false},"excerpt":{"rendered":"<p>NORMAS DE CONVIVENCIA Estimados clientes y colaboradores, estas son las normas de convivencia para hu\u00e9spedes alojados en nuestras instalaciones: Bienvenidos [&hellip;]<\/p>\n","protected":false},"author":1,"featured_media":0,"parent":0,"menu_order":0,"comment_status":"closed","ping_status":"closed","template":"elementor_header_footer","meta":{"site-sidebar-layout":"no-sidebar","site-content-layout":"","ast-site-content-layout":"full-width-container","site-content-style":"default","site-sidebar-style":"default","ast-global-header-display":"","ast-banner-title-visibility":"","ast-main-header-display":"","ast-hfb-above-header-display":"","ast-hfb-below-header-display":"","ast-hfb-mobile-header-display":"","site-post-title":"","ast-breadcrumbs-content":"","ast-featured-img":"disabled","footer-sml-layout":"","ast-disable-related-posts":"","theme-transparent-header-meta":"","adv-header-id-meta":"","stick-header-meta":"","header-above-stick-meta":"","header-main-stick-meta":"","header-below-stick-meta":"","astra-migrate-meta-layouts":"default","ast-page-background-enabled":"default","ast-page-background-meta":{"desktop":{"background-color":"var(--ast-global-color-5)","background-image":"","background-repeat":"repeat","background-position":"center center","background-size":"auto","background-attachment":"scroll","background-type":"","background-media":"","overlay-type":"","overlay-color":"","overlay-opacity":"","overlay-gradient":""},"tablet":{"background-color":"","background-image":"","background-repeat":"repeat","background-position":"center center","background-size":"auto","background-attachment":"scroll","background-type":"","background-media":"","overlay-type":"","overlay-color":"","overlay-opacity":"","overlay-gradient":""},"mobile":{"background-color":"","background-image":"","background-repeat":"repeat","background-position":"center center","background-size":"auto","background-attachment":"scroll","background-type":"","background-media":"","overlay-type":"","overlay-color":"","overlay-opacity":"","overlay-gradient":""}},"ast-content-background-meta":{"desktop":{"background-color":"var(--ast-global-color-4)","background-image":"","background-repeat":"repeat","background-position":"center center","background-size":"auto","background-attachment":"scroll","background-type":"","background-media":"","overlay-type":"","overlay-color":"","overlay-opacity":"","overlay-gradient":""},"tablet":{"background-color":"var(--ast-global-color-4)","background-image":"","background-repeat":"repeat","background-position":"center center","background-size":"auto","background-attachment":"scroll","background-type":"","background-media":"","overlay-type":"","overlay-color":"","overlay-opacity":"","overlay-gradient":""},"mobile":{"background-color":"var(--ast-global-color-4)","background-image":"","background-repeat":"repeat","background-position":"center center","background-size":"auto","background-attachment":"scroll","background-type":"","background-media":"","overlay-type":"","overlay-color":"","overlay-opacity":"","overlay-gradient":""}},"footnotes":""},"class_list":["post-186","page","type-page","status-publish","hentry"],"_links":{"self":[{"href":"https:\/\/cartamenumovil.com\/albirgarden\/wp-json\/wp\/v2\/pages\/186","targetHints":{"allow":["GET"]}}],"collection":[{"href":"https:\/\/cartamenumovil.com\/albirgarden\/wp-json\/wp\/v2\/pages"}],"about":[{"href":"https:\/\/cartamenumovil.com\/albirgarden\/wp-json\/wp\/v2\/types\/page"}],"author":[{"embeddable":true,"href":"https:\/\/cartamenumovil.com\/albirgarden\/wp-json\/wp\/v2\/users\/1"}],"replies":[{"embeddable":true,"href":"https:\/\/cartamenumovil.com\/albirgarden\/wp-json\/wp\/v2\/comments?post=186"}],"version-history":[{"count":10,"href":"https:\/\/cartamenumovil.com\/albirgarden\/wp-json\/wp\/v2\/pages\/186\/revisions"}],"predecessor-version":[{"id":520,"href":"https:\/\/cartamenumovil.com\/albirgarden\/wp-json\/wp\/v2\/pages\/186\/revisions\/520"}],"wp:attachment":[{"href":"https:\/\/cartamenumovil.com\/albirgarden\/wp-json\/wp\/v2\/media?parent=186"}],"curies":[{"name":"wp","href":"https:\/\/api.w.org\/{rel}","templated":true}]}}