{"id":395,"date":"2026-03-27T15:18:46","date_gmt":"2026-03-27T14:18:46","guid":{"rendered":"https:\/\/cartamenumovil.com\/albirgarden\/?page_id=395"},"modified":"2026-04-20T08:35:37","modified_gmt":"2026-04-20T06:35:37","slug":"regles","status":"publish","type":"page","link":"https:\/\/cartamenumovil.com\/albirgarden\/regles\/","title":{"rendered":"R\u00c8GLES"},"content":{"rendered":"\t\t<div data-elementor-type=\"wp-page\" data-elementor-id=\"395\" class=\"elementor elementor-395\">\n\t\t\t\t<div class=\"elementor-element elementor-element-10b0b62 e-con-full e-flex e-con e-parent\" data-id=\"10b0b62\" data-element_type=\"container\" data-e-type=\"container\" data-settings=\"{&quot;background_background&quot;:&quot;classic&quot;}\">\n\t\t\t\t<div class=\"elementor-element elementor-element-7b5daa2 elementor-widget elementor-widget-heading\" data-id=\"7b5daa2\" data-element_type=\"widget\" data-e-type=\"widget\" data-widget_type=\"heading.default\">\n\t\t\t\t\t<h2 class=\"elementor-heading-title elementor-size-default\">R\u00c8GLES<\/h2>\t\t\t\t<\/div>\n\t\t\t\t<\/div>\n\t\t<div class=\"elementor-element elementor-element-3b34d5c e-flex e-con-boxed e-con e-parent\" data-id=\"3b34d5c\" data-element_type=\"container\" data-e-type=\"container\">\n\t\t\t\t\t<div class=\"e-con-inner\">\n\t\t\t\t<div class=\"elementor-element elementor-element-98cb85d elementor-widget elementor-widget-heading\" data-id=\"98cb85d\" data-element_type=\"widget\" data-e-type=\"widget\" data-widget_type=\"heading.default\">\n\t\t\t\t\t<h2 class=\"elementor-heading-title elementor-size-default\">Chers clients et partenaires, veuillez trouver ci-dessous le code\nde conduite destin\u00e9 aux h\u00f4tes s\u00e9journant dans nos \u00e9tablissements:<\/h2>\t\t\t\t<\/div>\n\t\t\t\t<div class=\"elementor-element elementor-element-485d1c8 elementor-widget elementor-widget-text-editor\" data-id=\"485d1c8\" data-element_type=\"widget\" data-e-type=\"widget\" data-widget_type=\"text-editor.default\">\n\t\t\t\t\t\t\t\t\t<ul><li><p>Bienvenue \u00e0 l\u2019Albir Garden Resort. Nous esp\u00e9rons que vous passerez un agr\u00e9able et plaisant s\u00e9jour parmi nous. Afin d\u2019y contribuer, nous avons mis en place un ensemble de r\u00e8gles de courtoisie, d\u2019hygi\u00e8ne et de convivialit\u00e9 sociale que chaque client se doit de respecter.<\/p><\/li><li><p>Il est obligatoire de respecter les installations et d\u2019\u00e9viter tout bruit ou voix \u00e9lev\u00e9es en permanence. N\u2019oubliez pas que nos clients viennent ici pour se d\u00e9tendre et se reposer. L\u2019utilisation de musique ou d\u2019appareils sonores est interdite dans les espaces communs \u00e0 tout moment, ainsi que dans les chambres durant les heures de repos de midi et apr\u00e8s minuit. Parler \u00e0 voix haute en groupe dans le hall principal ou dans les espaces communs est strictement interdit.<\/p><\/li><li><p>Le silence doit \u00eatre absolu \u00e0 partir de minuit ainsi qu\u2019\u00e0 l\u2019heure de la sieste afin de garantir le repos de nos clients.<\/p><\/li><li><p>Il est interdit, et constitue un motif d\u2019expulsion, de demeurer dans nos installations en \u00e9tat d\u2019ivresse, de provoquer des altercations avec d\u2019autres clients ou d\u2019adopter des comportements intimidants pendant le s\u00e9jour.<\/p><\/li><li><p>Il est strictement interdit de fumer dans nos installations. Il est uniquement permis de fumer dans les zones ext\u00e9rieures am\u00e9nag\u00e9es et signal\u00e9es \u00e0 cet effet.<\/p><\/li><li><p>Les visites en chambre de personnes non h\u00e9berg\u00e9es ou non enregistr\u00e9es sont interdites.<\/p><\/li><li><p>Pour des raisons d\u2019hygi\u00e8ne et de respect, il est interdit de circuler torse nu ou pieds nus dans les espaces communs, la salle \u00e0 manger, le bar et le hall principal.<\/p><\/li><li><p>Il est interdit d\u2019effectuer toute modification ou r\u00e9paration dans la chambre ou de manipuler les \u00e9quipements ou dispositifs de service. En cas de probl\u00e8me, veuillez contacter la r\u00e9ception : notre service technique se chargera de l\u2019intervention.<\/p><\/li><li><p>Les chambres ne peuvent pas \u00eatre utilis\u00e9es pour des jeux d\u2019argent en groupe ni pour organiser des r\u00e9unions susceptibles de troubler l\u2019ordre public.<\/p><\/li><li><p>Toute d\u00e9t\u00e9rioration du mobilier, de la d\u00e9coration ou des biens de la propri\u00e9t\u00e9 sera sanctionn\u00e9e par la facturation au client des dommages occasionn\u00e9s.<\/p><\/li><li><p>En quittant la chambre, nous vous prions d\u2019\u00e9teindre les lumi\u00e8res, la t\u00e9l\u00e9vision, la climatisation et les autres appareils \u00e9lectriques, et de retirer la cl\u00e9 du dispositif situ\u00e9 \u00e0 l\u2019entr\u00e9e de la chambre. Veuillez v\u00e9rifier qu\u2019aucun appareil ne reste allum\u00e9.<\/p><\/li><li><p>Si la climatisation est en marche, assurez-vous que les portes et fen\u00eatres sont bien ferm\u00e9es.<\/p><\/li><li><p>Lors de votre d\u00e9part (check-out), veillez \u00e0 ne laisser aucun objet personnel ou de valeur dans la chambre.<\/p><\/li><li><p>L\u2019acc\u00e8s aux piscines avec de grands matelas ou flotteurs est interdit. Veuillez consulter le personnel de surveillance pour conna\u00eetre les dispositifs autoris\u00e9s et homologu\u00e9s, selon la capacit\u00e9 de chaque moment.<\/p><\/li><li><p>La consommation de marijuana et d\u2019autres drogues est strictement interdite dans tout l\u2019h\u00f4tel et constitue un motif d\u2019expulsion.<\/p><\/li><li><p>La r\u00e9ception est ouverte 24h\/24. En cas de doute ou de situation irr\u00e9guli\u00e8re, merci de nous en informer imm\u00e9diatement.<\/p><\/li><\/ul>\t\t\t\t\t\t\t\t<\/div>\n\t\t\t\t<div class=\"elementor-element elementor-element-c629689 elementor-widget elementor-widget-heading\" data-id=\"c629689\" data-element_type=\"widget\" data-e-type=\"widget\" data-widget_type=\"heading.default\">\n\t\t\t\t\t<h2 class=\"elementor-heading-title elementor-size-default\">Nous vous remercions de votre collaboration et nous\nsommes ravis de pouvoir vous accompagner durant\nvotre s\u00e9jour. \n<br>\nLa Direction<\/h2>\t\t\t\t<\/div>\n\t\t\t\t\t<\/div>\n\t\t\t\t<\/div>\n\t\t\t\t<\/div>\n\t\t","protected":false},"excerpt":{"rendered":"<p>R\u00c8GLES Chers clients et partenaires, veuillez trouver ci-dessous le code de conduite destin\u00e9 aux h\u00f4tes s\u00e9journant dans nos \u00e9tablissements: Bienvenue [&hellip;]<\/p>\n","protected":false},"author":1,"featured_media":0,"parent":0,"menu_order":0,"comment_status":"closed","ping_status":"closed","template":"elementor_header_footer","meta":{"site-sidebar-layout":"no-sidebar","site-content-layout":"","ast-site-content-layout":"full-width-container","site-content-style":"default","site-sidebar-style":"default","ast-global-header-display":"","ast-banner-title-visibility":"","ast-main-header-display":"","ast-hfb-above-header-display":"","ast-hfb-below-header-display":"","ast-hfb-mobile-header-display":"","site-post-title":"","ast-breadcrumbs-content":"","ast-featured-img":"disabled","footer-sml-layout":"","ast-disable-related-posts":"","theme-transparent-header-meta":"","adv-header-id-meta":"","stick-header-meta":"","header-above-stick-meta":"","header-main-stick-meta":"","header-below-stick-meta":"","astra-migrate-meta-layouts":"default","ast-page-background-enabled":"default","ast-page-background-meta":{"desktop":{"background-color":"var(--ast-global-color-5)","background-image":"","background-repeat":"repeat","background-position":"center center","background-size":"auto","background-attachment":"scroll","background-type":"","background-media":"","overlay-type":"","overlay-color":"","overlay-opacity":"","overlay-gradient":""},"tablet":{"background-color":"","background-image":"","background-repeat":"repeat","background-position":"center center","background-size":"auto","background-attachment":"scroll","background-type":"","background-media":"","overlay-type":"","overlay-color":"","overlay-opacity":"","overlay-gradient":""},"mobile":{"background-color":"","background-image":"","background-repeat":"repeat","background-position":"center center","background-size":"auto","background-attachment":"scroll","background-type":"","background-media":"","overlay-type":"","overlay-color":"","overlay-opacity":"","overlay-gradient":""}},"ast-content-background-meta":{"desktop":{"background-color":"var(--ast-global-color-4)","background-image":"","background-repeat":"repeat","background-position":"center center","background-size":"auto","background-attachment":"scroll","background-type":"","background-media":"","overlay-type":"","overlay-color":"","overlay-opacity":"","overlay-gradient":""},"tablet":{"background-color":"var(--ast-global-color-4)","background-image":"","background-repeat":"repeat","background-position":"center center","background-size":"auto","background-attachment":"scroll","background-type":"","background-media":"","overlay-type":"","overlay-color":"","overlay-opacity":"","overlay-gradient":""},"mobile":{"background-color":"var(--ast-global-color-4)","background-image":"","background-repeat":"repeat","background-position":"center center","background-size":"auto","background-attachment":"scroll","background-type":"","background-media":"","overlay-type":"","overlay-color":"","overlay-opacity":"","overlay-gradient":""}},"footnotes":""},"class_list":["post-395","page","type-page","status-publish","hentry"],"_links":{"self":[{"href":"https:\/\/cartamenumovil.com\/albirgarden\/wp-json\/wp\/v2\/pages\/395","targetHints":{"allow":["GET"]}}],"collection":[{"href":"https:\/\/cartamenumovil.com\/albirgarden\/wp-json\/wp\/v2\/pages"}],"about":[{"href":"https:\/\/cartamenumovil.com\/albirgarden\/wp-json\/wp\/v2\/types\/page"}],"author":[{"embeddable":true,"href":"https:\/\/cartamenumovil.com\/albirgarden\/wp-json\/wp\/v2\/users\/1"}],"replies":[{"embeddable":true,"href":"https:\/\/cartamenumovil.com\/albirgarden\/wp-json\/wp\/v2\/comments?post=395"}],"version-history":[{"count":10,"href":"https:\/\/cartamenumovil.com\/albirgarden\/wp-json\/wp\/v2\/pages\/395\/revisions"}],"predecessor-version":[{"id":535,"href":"https:\/\/cartamenumovil.com\/albirgarden\/wp-json\/wp\/v2\/pages\/395\/revisions\/535"}],"wp:attachment":[{"href":"https:\/\/cartamenumovil.com\/albirgarden\/wp-json\/wp\/v2\/media?parent=395"}],"curies":[{"name":"wp","href":"https:\/\/api.w.org\/{rel}","templated":true}]}}