{"id":805,"date":"2021-08-27T10:04:57","date_gmt":"2021-08-27T08:04:57","guid":{"rendered":"https:\/\/cartamenumovil.com\/hotelcimbel\/?page_id=805"},"modified":"2025-05-19T14:06:24","modified_gmt":"2025-05-19T12:06:24","slug":"cervezas-beers","status":"publish","type":"page","link":"https:\/\/cartamenumovil.com\/hotelcimbel\/cervezas-beers\/","title":{"rendered":"Cervezas \/ Beers"},"content":{"rendered":"\t\t<div data-elementor-type=\"wp-page\" data-elementor-id=\"805\" class=\"elementor elementor-805\">\n\t\t\t\t\t\t<section class=\"elementor-section elementor-top-section elementor-element elementor-element-b379772 elementor-section-full_width elementor-section-height-default elementor-section-height-default\" data-id=\"b379772\" data-element_type=\"section\">\n\t\t\t\t\t\t<div class=\"elementor-container elementor-column-gap-default\">\n\t\t\t\t\t<div class=\"elementor-column elementor-col-100 elementor-top-column elementor-element elementor-element-f0af951\" data-id=\"f0af951\" data-element_type=\"column\">\n\t\t\t<div class=\"elementor-widget-wrap elementor-element-populated\">\n\t\t\t\t\t\t<div class=\"elementor-element elementor-element-781d1a7 elementor-widget elementor-widget-text-editor\" data-id=\"781d1a7\" data-element_type=\"widget\" data-widget_type=\"text-editor.default\">\n\t\t\t\t<div class=\"elementor-widget-container\">\n\t\t\t\t\t\t\t\t\t<p>\u00a0<\/p><p>EL PRECIO D<i>E \u00abTERRAZA\u00bb APLICA DURANTE EL PERIODO DE ACTUACIONES EN VIVO PARA CLIENTES NO ALOJADOS | \u201cTERRACE\u201d PRICE APPLIES DURING LIVE SHOWS FOR NON RESIDENTS<\/i><\/p>\t\t\t\t\t\t\t\t<\/div>\n\t\t\t\t<\/div>\n\t\t\t\t\t<\/div>\n\t\t<\/div>\n\t\t\t\t\t<\/div>\n\t\t<\/section>\n\t\t\t\t<section class=\"elementor-section elementor-top-section elementor-element elementor-element-f9f944e elementor-section-boxed elementor-section-height-default elementor-section-height-default\" data-id=\"f9f944e\" data-element_type=\"section\">\n\t\t\t\t\t\t<div class=\"elementor-container elementor-column-gap-default\">\n\t\t\t\t\t<div class=\"elementor-column elementor-col-100 elementor-top-column elementor-element elementor-element-5be3ca9\" data-id=\"5be3ca9\" data-element_type=\"column\">\n\t\t\t<div class=\"elementor-widget-wrap elementor-element-populated\">\n\t\t\t\t\t\t<div class=\"elementor-element elementor-element-c394b91 elementor-widget elementor-widget-image\" data-id=\"c394b91\" data-element_type=\"widget\" data-widget_type=\"image.default\">\n\t\t\t\t<div class=\"elementor-widget-container\">\n\t\t\t\t\t\t\t\t\t\t\t\t\t\t\t<img fetchpriority=\"high\" decoding=\"async\" width=\"626\" height=\"418\" src=\"https:\/\/cartamenumovil.com\/hotelcimbel\/wp-content\/uploads\/2022\/07\/cerveza.webp\" class=\"attachment-large size-large wp-image-1646\" alt=\"\" srcset=\"https:\/\/cartamenumovil.com\/hotelcimbel\/wp-content\/uploads\/2022\/07\/cerveza.webp 626w, https:\/\/cartamenumovil.com\/hotelcimbel\/wp-content\/uploads\/2022\/07\/cerveza-300x200.webp 300w\" sizes=\"(max-width: 626px) 100vw, 626px\" \/>\t\t\t\t\t\t\t\t\t\t\t\t\t\t\t<\/div>\n\t\t\t\t<\/div>\n\t\t\t\t<div class=\"elementor-element elementor-element-f69562d elementor-widget elementor-widget-text-editor\" data-id=\"f69562d\" data-element_type=\"widget\" data-widget_type=\"text-editor.default\">\n\t\t\t\t<div class=\"elementor-widget-container\">\n\t\t\t\t\t\t\t\t\t<section id=\"wppizza-grid-section-0\"  class=\"wppizza-grid-section wppizza-grid-section-0 wppizza-grid-section-first\"><article id=\"post-514\" class=\"wppizza-article wppizza-article-grid  wppizza-article-first wppizza-article-cervezas wppizza-article-cervezas-36 wppizza_menu-cervezas wppizza_menu-term-36 entry-content post-514 wppizza type-wppizza status-publish hentry\"><h2 id=\"wppizza-article-1-36-514-1-0\" class=\"wppizza-article-h2\"><span class=\"wppizza-article-title\">Estrella Galicia<\/span><\/h2><div id=\"wppizza-article-sizes-514\" class=\"wppizza-article-sizes wppizza-article-prices-1\"><ul><li id=\"wppizza-article-prices-514\" class=\"wppizza-article-prices\" ><ul><li id=\"wppizza-1-36-514-1-0\" class=\"wppizza-article-price wppizza-article-price-1-0 wppizza-price-514-0 wppizza-article-price-viewonly\"   data-id=\"1.36.514.1.0\" ><span class=\"\">4,00 \u20ac<\/span><div class=\"wppizza-article-size wppizza-no-cart\">Bar<\/div><\/li><li id=\"wppizza-1-36-514-1-1\" class=\"wppizza-article-price wppizza-article-price-1-1 wppizza-price-514-1 wppizza-article-price-viewonly\"   data-id=\"1.36.514.1.1\" ><span class=\"\">7,00 \u20ac<\/span><div class=\"wppizza-article-size wppizza-no-cart\">Terraza<\/div><\/li><\/ul><\/li><\/ul><\/div><p id=\"wppizza-article-content-514\" class=\"wppizza-article-content\"><\/p><\/article><article id=\"post-516\" class=\"wppizza-article wppizza-article-grid  wppizza-article-cervezas wppizza-article-cervezas-36 wppizza_menu-cervezas wppizza_menu-term-36 entry-content post-516 wppizza type-wppizza status-publish hentry\"><h2 id=\"wppizza-article-1-36-516-1-0\" class=\"wppizza-article-h2\"><span class=\"wppizza-article-title\">Ca\u00f1a Grande | Ca\u00f1a Grande con Casera o Lim\u00f3n | Large Drought Beer | Amstel Radler 33cl<\/span><\/h2><div id=\"wppizza-article-sizes-516\" class=\"wppizza-article-sizes wppizza-article-prices-1\"><ul><li id=\"wppizza-article-prices-516\" class=\"wppizza-article-prices\" ><ul><li id=\"wppizza-1-36-516-1-0\" class=\"wppizza-article-price wppizza-article-price-1-0 wppizza-price-516-0 wppizza-article-price-viewonly\"   data-id=\"1.36.516.1.0\" ><span class=\"\">3,20 \u20ac<\/span><div class=\"wppizza-article-size wppizza-no-cart\">Bar<\/div><\/li><li id=\"wppizza-1-36-516-1-1\" class=\"wppizza-article-price wppizza-article-price-1-1 wppizza-price-516-1 wppizza-article-price-viewonly\"   data-id=\"1.36.516.1.1\" ><span class=\"\">7,00 \u20ac<\/span><div class=\"wppizza-article-size wppizza-no-cart\">Terraza<\/div><\/li><\/ul><\/li><\/ul><\/div><p id=\"wppizza-article-content-516\" class=\"wppizza-article-content\"><\/p><\/article><article id=\"post-517\" class=\"wppizza-article wppizza-article-grid  wppizza-article-cervezas wppizza-article-cervezas-36 wppizza_menu-cervezas wppizza_menu-term-36 entry-content post-517 wppizza type-wppizza status-publish hentry\"><h2 id=\"wppizza-article-1-36-517-1-0\" class=\"wppizza-article-h2\"><span class=\"wppizza-article-title\">Ca\u00f1a Peque\u00f1a | Ca\u00f1a con  con Casera o Lim\u00f3n | Regular Drought Beer<\/span><\/h2><div id=\"wppizza-article-sizes-517\" class=\"wppizza-article-sizes wppizza-article-prices-1\"><ul><li id=\"wppizza-article-prices-517\" class=\"wppizza-article-prices\" ><ul><li id=\"wppizza-1-36-517-1-0\" class=\"wppizza-article-price wppizza-article-price-1-0 wppizza-price-517-0 wppizza-article-price-viewonly\"   data-id=\"1.36.517.1.0\" ><span class=\"\">2,70 \u20ac<\/span><div class=\"wppizza-article-size wppizza-no-cart\">Bar<\/div><\/li><li id=\"wppizza-1-36-517-1-1\" class=\"wppizza-article-price wppizza-article-price-1-1 wppizza-price-517-1 wppizza-article-price-viewonly\"   data-id=\"1.36.517.1.1\" ><span class=\"\">7,00 \u20ac<\/span><div class=\"wppizza-article-size wppizza-no-cart\">Terraza<\/div><\/li><\/ul><\/li><\/ul><\/div><p id=\"wppizza-article-content-517\" class=\"wppizza-article-content\"><\/p><\/article><\/section><section id=\"wppizza-grid-section-1\"  class=\"wppizza-grid-section wppizza-grid-section-1\"><article id=\"post-519\" class=\"wppizza-article wppizza-article-grid  wppizza-article-cervezas wppizza-article-cervezas-36 wppizza_menu-cervezas wppizza_menu-term-36 entry-content post-519 wppizza type-wppizza status-publish hentry\"><h2 id=\"wppizza-article-1-36-519-1-0\" class=\"wppizza-article-h2\"><span class=\"wppizza-article-title\">Mahou | Mahou Tostada 00 | San Miguel 33cl<\/span><\/h2><div id=\"wppizza-article-sizes-519\" class=\"wppizza-article-sizes wppizza-article-prices-1\"><ul><li id=\"wppizza-article-prices-519\" class=\"wppizza-article-prices\" ><ul><li id=\"wppizza-1-36-519-1-0\" class=\"wppizza-article-price wppizza-article-price-1-0 wppizza-price-519-0 wppizza-article-price-viewonly\"   data-id=\"1.36.519.1.0\" ><span class=\"\">4,20 \u20ac<\/span><div class=\"wppizza-article-size wppizza-no-cart\">Bar<\/div><\/li><li id=\"wppizza-1-36-519-1-1\" class=\"wppizza-article-price wppizza-article-price-1-1 wppizza-price-519-1 wppizza-article-price-viewonly\"   data-id=\"1.36.519.1.1\" ><span class=\"\">7,00 \u20ac<\/span><div class=\"wppizza-article-size wppizza-no-cart\">Terraza<\/div><\/li><\/ul><\/li><\/ul><\/div><p id=\"wppizza-article-content-519\" class=\"wppizza-article-content\"><\/p><\/article><article id=\"post-521\" class=\"wppizza-article wppizza-article-grid  wppizza-article-cervezas wppizza-article-cervezas-36 wppizza_menu-cervezas wppizza_menu-term-36 entry-content post-521 wppizza type-wppizza status-publish hentry\"><h2 id=\"wppizza-article-1-36-521-1-0\" class=\"wppizza-article-h2\"><span class=\"wppizza-article-title\">Alhambra 1925<\/span><\/h2><div id=\"wppizza-article-sizes-521\" class=\"wppizza-article-sizes wppizza-article-prices-1\"><ul><li id=\"wppizza-article-prices-521\" class=\"wppizza-article-prices\" ><ul><li id=\"wppizza-1-36-521-1-0\" class=\"wppizza-article-price wppizza-article-price-1-0 wppizza-price-521-0 wppizza-article-price-viewonly\"   data-id=\"1.36.521.1.0\" ><span class=\"\">4,60 \u20ac<\/span><div class=\"wppizza-article-size wppizza-no-cart\">Bar<\/div><\/li><li id=\"wppizza-1-36-521-1-1\" class=\"wppizza-article-price wppizza-article-price-1-1 wppizza-price-521-1 wppizza-article-price-viewonly\"   data-id=\"1.36.521.1.1\" ><span class=\"\">7,00 \u20ac<\/span><div class=\"wppizza-article-size wppizza-no-cart\">Terraza<\/div><\/li><\/ul><\/li><\/ul><\/div><p id=\"wppizza-article-content-521\" class=\"wppizza-article-content\"><\/p><\/article><article id=\"post-523\" class=\"wppizza-article wppizza-article-grid  wppizza-article-cervezas wppizza-article-cervezas-36 wppizza_menu-cervezas wppizza_menu-term-36 entry-content post-523 wppizza type-wppizza status-publish hentry\"><h2 id=\"wppizza-article-1-36-523-1-0\" class=\"wppizza-article-h2\"><span class=\"wppizza-article-title\">Coronita | Sin Gluten<\/span><\/h2><div id=\"wppizza-article-sizes-523\" class=\"wppizza-article-sizes wppizza-article-prices-1\"><ul><li id=\"wppizza-article-prices-523\" class=\"wppizza-article-prices\" ><ul><li id=\"wppizza-1-36-523-1-0\" class=\"wppizza-article-price wppizza-article-price-1-0 wppizza-price-523-0 wppizza-article-price-viewonly\"   data-id=\"1.36.523.1.0\" ><span class=\"\">4,90 \u20ac<\/span><div class=\"wppizza-article-size wppizza-no-cart\">Bar<\/div><\/li><li id=\"wppizza-1-36-523-1-1\" class=\"wppizza-article-price wppizza-article-price-1-1 wppizza-price-523-1 wppizza-article-price-viewonly\"   data-id=\"1.36.523.1.1\" ><span class=\"\">7,00 \u20ac<\/span><div class=\"wppizza-article-size wppizza-no-cart\">Terraza<\/div><\/li><\/ul><\/li><\/ul><\/div><p id=\"wppizza-article-content-523\" class=\"wppizza-article-content\"><\/p><\/article><\/section><section id=\"wppizza-grid-section-2\"  class=\"wppizza-grid-section wppizza-grid-section-2 wppizza-grid-section-last\"><article id=\"post-525\" class=\"wppizza-article wppizza-article-grid  wppizza-article-cervezas wppizza-article-cervezas-36 wppizza_menu-cervezas wppizza_menu-term-36 entry-content post-525 wppizza type-wppizza status-publish hentry\"><h2 id=\"wppizza-article-1-36-525-1-0\" class=\"wppizza-article-h2\"><span class=\"wppizza-article-title\">Heineken 00<\/span><\/h2><div id=\"wppizza-article-sizes-525\" class=\"wppizza-article-sizes wppizza-article-prices-1\"><ul><li id=\"wppizza-article-prices-525\" class=\"wppizza-article-prices\" ><ul><li id=\"wppizza-1-36-525-1-0\" class=\"wppizza-article-price wppizza-article-price-1-0 wppizza-price-525-0 wppizza-article-price-viewonly\"   data-id=\"1.36.525.1.0\" ><span class=\"\">3,50 \u20ac<\/span><div class=\"wppizza-article-size wppizza-no-cart\">Bar<\/div><\/li><li id=\"wppizza-1-36-525-1-1\" class=\"wppizza-article-price wppizza-article-price-1-1 wppizza-price-525-1 wppizza-article-price-viewonly\"   data-id=\"1.36.525.1.1\" ><span class=\"\">7,00 \u20ac<\/span><div class=\"wppizza-article-size wppizza-no-cart\">Terraza<\/div><\/li><\/ul><\/li><\/ul><\/div><p id=\"wppizza-article-content-525\" class=\"wppizza-article-content\"><\/p><\/article><article id=\"post-2371\" class=\"wppizza-article wppizza-article-grid  wppizza-article-cervezas wppizza-article-cervezas-36 wppizza_menu-cervezas wppizza_menu-term-36 entry-content post-2371 wppizza type-wppizza status-publish hentry\"><h2 id=\"wppizza-article-1-36-2371-1-0\" class=\"wppizza-article-h2\"><span class=\"wppizza-article-title\">Pinta | Pinta con Casera o Lim\u00f3n | Pint<\/span><\/h2><div id=\"wppizza-article-sizes-2371\" class=\"wppizza-article-sizes wppizza-article-prices-1\"><ul><li id=\"wppizza-article-prices-2371\" class=\"wppizza-article-prices\" ><ul><li id=\"wppizza-1-36-2371-1-0\" class=\"wppizza-article-price wppizza-article-price-1-0 wppizza-price-2371-0 wppizza-article-price-viewonly\"   data-id=\"1.36.2371.1.0\" ><span class=\"\">4,80 \u20ac<\/span><div class=\"wppizza-article-size wppizza-no-cart\">Bar<\/div><\/li><li id=\"wppizza-1-36-2371-1-1\" class=\"wppizza-article-price wppizza-article-price-1-1 wppizza-price-2371-1 wppizza-article-price-viewonly\"   data-id=\"1.36.2371.1.1\" ><span class=\"\">7,00 \u20ac<\/span><div class=\"wppizza-article-size wppizza-no-cart\">Terraza<\/div><\/li><\/ul><\/li><\/ul><\/div><p id=\"wppizza-article-content-2371\" class=\"wppizza-article-content\"><\/p><\/article><article id=\"post-8305\" class=\"wppizza-article wppizza-article-grid  wppizza-article-last wppizza-article-cervezas wppizza-article-cervezas-36 wppizza_menu-cervezas wppizza_menu-term-36 entry-content post-8305 wppizza type-wppizza status-publish hentry\"><h2 id=\"wppizza-article-1-36-8305-1-0\" class=\"wppizza-article-h2\"><span class=\"wppizza-article-title\">Althaia IPA | Leffe Negra<\/span><\/h2><div id=\"wppizza-article-sizes-8305\" class=\"wppizza-article-sizes wppizza-article-prices-1\"><ul><li id=\"wppizza-article-prices-8305\" class=\"wppizza-article-prices\" ><ul><li id=\"wppizza-1-36-8305-1-0\" class=\"wppizza-article-price wppizza-article-price-1-0 wppizza-price-8305-0 wppizza-article-price-viewonly\"   data-id=\"1.36.8305.1.0\" ><span class=\"\">5,50 \u20ac<\/span><div class=\"wppizza-article-size wppizza-no-cart\">Bar<\/div><\/li><li id=\"wppizza-1-36-8305-1-1\" class=\"wppizza-article-price wppizza-article-price-1-1 wppizza-price-8305-1 wppizza-article-price-viewonly\"   data-id=\"1.36.8305.1.1\" ><span class=\"\">7,00 \u20ac<\/span><div class=\"wppizza-article-size wppizza-no-cart\">Terraza<\/div><\/li><\/ul><\/li><\/ul><\/div><p id=\"wppizza-article-content-8305\" class=\"wppizza-article-content\"><\/p><\/article><\/section>\t\t\t\t\t\t\t\t<\/div>\n\t\t\t\t<\/div>\n\t\t\t\t\t<\/div>\n\t\t<\/div>\n\t\t\t\t\t<\/div>\n\t\t<\/section>\n\t\t\t\t<section class=\"elementor-section elementor-top-section elementor-element elementor-element-4b9d8e5 elementor-section-full_width elementor-section-height-default elementor-section-height-default\" data-id=\"4b9d8e5\" data-element_type=\"section\">\n\t\t\t\t\t\t<div class=\"elementor-container elementor-column-gap-default\">\n\t\t\t\t\t<div class=\"elementor-column elementor-col-100 elementor-top-column elementor-element elementor-element-e5f1eba\" data-id=\"e5f1eba\" data-element_type=\"column\">\n\t\t\t<div class=\"elementor-widget-wrap elementor-element-populated\">\n\t\t\t\t\t\t<div class=\"elementor-element elementor-element-ad10e40 elementor-widget elementor-widget-text-editor\" data-id=\"ad10e40\" data-element_type=\"widget\" data-widget_type=\"text-editor.default\">\n\t\t\t\t<div class=\"elementor-widget-container\">\n\t\t\t\t\t\t\t\t\t<h6><em>\u00a0<\/em><\/h6><p><em>SUPLEMENTO SERVICIO HABITACIONES: 3.50\u20ac POR COMANDA<\/em><\/p><p>\u00a0ROOM SERVICE SUPPLEMENT: 3.50\u20ac PER ORDER<\/p><p>\u00a0<\/p><p>SERVICIO DE HABITACIONES DE 10:30 A 22:00<\/p><p>ROOM SERVICE FROM 10:30 TO 22:00<\/p>\t\t\t\t\t\t\t\t<\/div>\n\t\t\t\t<\/div>\n\t\t\t\t\t<\/div>\n\t\t<\/div>\n\t\t\t\t\t<\/div>\n\t\t<\/section>\n\t\t\t\t<\/div>\n\t\t","protected":false},"excerpt":{"rendered":"<p>\u00a0 EL PRECIO DE \u00abTERRAZA\u00bb APLICA DURANTE EL PERIODO DE ACTUACIONES EN VIVO PARA CLIENTES NO ALOJADOS | \u201cTERRACE\u201d PRICE APPLIES DURING LIVE SHOWS FOR NON RESIDENTS \u00a0 SUPLEMENTO SERVICIO HABITACIONES: 3.50\u20ac POR COMANDA \u00a0ROOM SERVICE SUPPLEMENT: 3.50\u20ac PER ORDER \u00a0 SERVICIO DE HABITACIONES DE 10:30 A 22:00 ROOM SERVICE FROM 10:30 TO 22:00<\/p>\n","protected":false},"author":1,"featured_media":0,"parent":0,"menu_order":0,"comment_status":"closed","ping_status":"closed","template":"","meta":{"site-sidebar-layout":"default","site-content-layout":"","ast-site-content-layout":"default","site-content-style":"default","site-sidebar-style":"default","ast-global-header-display":"","ast-banner-title-visibility":"","ast-main-header-display":"","ast-hfb-above-header-display":"","ast-hfb-below-header-display":"","ast-hfb-mobile-header-display":"","site-post-title":"","ast-breadcrumbs-content":"","ast-featured-img":"","footer-sml-layout":"","theme-transparent-header-meta":"","adv-header-id-meta":"","stick-header-meta":"","header-above-stick-meta":"","header-main-stick-meta":"","header-below-stick-meta":"","astra-migrate-meta-layouts":"default","ast-page-background-enabled":"default","ast-page-background-meta":{"desktop":{"background-color":"var(--ast-global-color-4)","background-image":"","background-repeat":"repeat","background-position":"center center","background-size":"auto","background-attachment":"scroll","background-type":"","background-media":"","overlay-type":"","overlay-color":"","overlay-opacity":"","overlay-gradient":""},"tablet":{"background-color":"","background-image":"","background-repeat":"repeat","background-position":"center center","background-size":"auto","background-attachment":"scroll","background-type":"","background-media":"","overlay-type":"","overlay-color":"","overlay-opacity":"","overlay-gradient":""},"mobile":{"background-color":"","background-image":"","background-repeat":"repeat","background-position":"center center","background-size":"auto","background-attachment":"scroll","background-type":"","background-media":"","overlay-type":"","overlay-color":"","overlay-opacity":"","overlay-gradient":""}},"ast-content-background-meta":{"desktop":{"background-color":"var(--ast-global-color-5)","background-image":"","background-repeat":"repeat","background-position":"center center","background-size":"auto","background-attachment":"scroll","background-type":"","background-media":"","overlay-type":"","overlay-color":"","overlay-opacity":"","overlay-gradient":""},"tablet":{"background-color":"var(--ast-global-color-5)","background-image":"","background-repeat":"repeat","background-position":"center center","background-size":"auto","background-attachment":"scroll","background-type":"","background-media":"","overlay-type":"","overlay-color":"","overlay-opacity":"","overlay-gradient":""},"mobile":{"background-color":"var(--ast-global-color-5)","background-image":"","background-repeat":"repeat","background-position":"center center","background-size":"auto","background-attachment":"scroll","background-type":"","background-media":"","overlay-type":"","overlay-color":"","overlay-opacity":"","overlay-gradient":""}},"footnotes":""},"class_list":["post-805","page","type-page","status-publish","hentry"],"_links":{"self":[{"href":"https:\/\/cartamenumovil.com\/hotelcimbel\/wp-json\/wp\/v2\/pages\/805","targetHints":{"allow":["GET"]}}],"collection":[{"href":"https:\/\/cartamenumovil.com\/hotelcimbel\/wp-json\/wp\/v2\/pages"}],"about":[{"href":"https:\/\/cartamenumovil.com\/hotelcimbel\/wp-json\/wp\/v2\/types\/page"}],"author":[{"embeddable":true,"href":"https:\/\/cartamenumovil.com\/hotelcimbel\/wp-json\/wp\/v2\/users\/1"}],"replies":[{"embeddable":true,"href":"https:\/\/cartamenumovil.com\/hotelcimbel\/wp-json\/wp\/v2\/comments?post=805"}],"version-history":[{"count":21,"href":"https:\/\/cartamenumovil.com\/hotelcimbel\/wp-json\/wp\/v2\/pages\/805\/revisions"}],"predecessor-version":[{"id":8434,"href":"https:\/\/cartamenumovil.com\/hotelcimbel\/wp-json\/wp\/v2\/pages\/805\/revisions\/8434"}],"wp:attachment":[{"href":"https:\/\/cartamenumovil.com\/hotelcimbel\/wp-json\/wp\/v2\/media?parent=805"}],"curies":[{"name":"wp","href":"https:\/\/api.w.org\/{rel}","templated":true}]}}